0.
20
Calculate the greatest common divisor of 55 and 2321.
11
Calculate the highest common factor of 707 and 1141.
7
Calculate the highest common factor of 1407 and 163882.
67
Calculate the highest common factor of 150 and 5730.
30
Calculate the greatest common factor of 4929158 and 26.
26
Calculate the greatest common factor of 3732835 and 95.
95
Calculate the highest common factor of 1840 and 1165870.
230
What is the greatest common divisor of 497519 and 1023?
341
What is the greatest common factor of 4566299 and 43?
43
What is the highest common factor of 600 and 2175?
75
Calculate the highest common factor of 103 and 45217.
103
Calculate the highest common divisor of 468 and 647208.
36
What is the highest common factor of 885 and 14101?
59
What is the highest common divisor of 73396 and 24880?
1244
What is the greatest common factor of 15174 and 1134?
54
Calculate the greatest common factor of 284682 and 102.
102
Calculate the greatest common factor of 15743 and 3460.
173
Calculate the greatest common divisor of 575 and 36202.
23
What is the greatest common factor of 179 and 2207070?
179
What is the highest common divisor of 16 and 4644336?
16
What is the greatest common divisor of 1649978 and 44?
22
Calculate the highest common factor of 5 and 1438600.
5
What is the greatest common factor of 136374 and 34?
34
Calculate the greatest common divisor of 16 and 1589888.
16
Calculate the highest common factor of 885 and 69510.
15
What is the highest common factor of 10401705 and 255?
255
What is the highest common factor of 3174 and 1038?
6
Calculate the greatest common divisor of 513 and 301473.
171
Calculate the highest common divisor of 7330870 and 4110.
1370
Calculate the greatest common divisor of 778004 and 804.
268
Calculate the greatest common factor of 86022 and 3009.
177
What is the greatest common factor of 50 and 111050?
50
What is the highest common divisor of 10224 and 213?
213
Calculate the highest common factor of 13500 and 9468.
36
What is the highest common divisor of 4291568 and 5201?
743
What is the greatest common divisor of 2538413 and 1497?
499
What is the greatest common divisor of 2135 and 166652?
61
What is the greatest common factor of 4752 and 336744?
216
Calculate the highest common divisor of 1464 and 8672004.
732
Calculate the greatest common factor of 54704 and 260.
52
What is the greatest common factor of 4844 and 280?
28
What is the greatest common divisor of 3551 and 229877?
67
What is the highest common factor of 1232897 and 73?
73
Calculate the highest common divisor of 580 and 145870.
290
Calculate the greatest common factor of 45731 and 77.
7
What is the highest common divisor of 3622923 and 89?
89
What is the greatest common divisor of 480 and 83890?
10
What is the greatest common divisor of 38399 and 473?
43
Calculate the highest common divisor of 1410 and 8084.
94
What is the highest common factor of 44670 and 75?
15
Calculate the greatest common divisor of 509604 and 12.
12
Calculate the highest common divisor of 2680 and 4355.
335
Calculate the greatest common factor of 34032 and 396.
12
Calculate the highest common factor of 113 and 133453.
113
Calculate the greatest common divisor of 732 and 14932.
4
What is the highest common factor of 2535 and 35295?
195
What is the greatest common divisor of 1876126 and 14?
14
Calculate the highest common factor of 665167 and 589.
31
What is the highest common divisor of 80581 and 122?
61
What is the highest common factor of 410895 and 345?
345
What is the highest common factor of 70 and 51520?
70
What is the greatest common factor of 9175 and 6200?
25
What is the greatest common factor of 2755 and 12035?
145
Calculate the greatest common factor of 22 and 54494.
22
What is the greatest common factor of 5950 and 798150?
850
Calculate the greatest common divisor of 2378 and 986.
58
What is the highest common factor of 196 and 1813?
49
Calculate the greatest common divisor of 593 and 20.
1
Calculate the greatest common divisor of 2167776 and 312.
312
Calculate the highest common divisor of 40581 and 540.
27
What is the highest common factor of 1442 and 281602?
206
What is the highest common divisor of 1190 and 5508?
34
Calculate the greatest common divisor of 10 and 80870.
10
Calculate the greatest common divisor of 539 and 204526.
49
What is the greatest common divisor of 205 and 40065?
5
Calculate the highest common divisor of 1421 and 607502.
49
Calculate the highest common divisor of 41925 and 3675.
75
What is the highest common divisor of 1396954 and 52?
26
What is the greatest common factor of 1890 and 61290?
270
Calculate the greatest common factor of 8729 and 7826.
301
Calculate the greatest common divisor of 938 and 70.
14
What is the highest common divisor of 70080 and 324?
12
What is the highest common factor of 906 and 282?
6
What is the highest common factor of 264716 and 44?
4
What is the highest common divisor of 9 and 3963?
3
What is the greatest common divisor of 20 and 13722420?
20
Calculate the highest common divisor of 6994 and 70478.
538
What is the highest common factor of 907219 and 3291?
1097
Calculate the greatest common divisor of 638 and 108054.
58
Calculate the greatest common divisor of 10237916 and 71.
71
What is the greatest common factor of 4777 and 391?
17
Calculate the greatest common factor of 219450 and 50.
50
Calculate the highest common divisor of 23360 and 640.
320
What is the greatest common divisor of 62 and 94519?
31
Calculate the greatest common divisor of 3009 and 97869.
51
Calculate the highest common divisor of 22025 and 25.
25
What is the highest common divisor of 270 and 382995?
135
Calculate the highest common divisor of 1496816 and 16.
16
Calculate the highest common factor of 4843 and 2407.
29
Calculate the highest common factor of 975223 and 327.
109
Calculate the highest common factor of 11193 and 126.
21
What is the greatest common divisor of 336 and 10744?
8
What is the highest common divisor of 235 and 710123?
47
What is the highest common divisor of 896 and 25221?
7
What is the highest common factor of 161 and 623?
7
Calculate the highest common factor of 96120 and 1431.
27
What is the greatest common factor of 1125 and 213875?
125
Calculate the highest common divisor of 45 and 92040.
15
What is the greatest common factor of 14 and 186347?
7
What is the greatest common divisor of 2212 and 1036?
28
What is the highest common divisor of 18 and 6903?
9
Calculate the highest common factor of 26196 and 28.
4
Calculate the greatest common divisor of 13182 and 54.
6
Calculate the greatest common factor of 80 and 2128.
16
Calculate the highest common divisor of 199123 and 43738.
1151
Calculate the highest common factor of 1296 and 14640.
48
What is the greatest common factor of 25370 and 12980?
590
Calculate the greatest common factor of 3780 and 159705.
945
What is the highest common divisor of 60 and 7759770?
30
What is the highest common factor of 30 and 744360?
30
Calculate the greatest common factor of 5390 and 3185.
245
Calculate the greatest common factor of 633993 and 1165.
233
Calculate the highest common factor of 1086 and 546.
6
Calculate the greatest common divisor of 1324 and 5627662.
662
What is the highest common factor of 221826 and 36?
6
What is the highest common divisor of 47 and 542709?
47
What is the highest common factor of 7535 and 440?
55
What is the greatest common factor of 243 and 10476?
27
What is the highest common factor of 938 and 64454?
134
Calculate the greatest common divisor of 174339 and 187.
11
Calculate the greatest common divisor of 2112 and 19272.
264
What is the highest common divisor of 1925 and 7535?
55
Calculate the greatest common factor of 54 and 58671.
27
Calculate the highest common factor of 2548000 and 1000.
1000
Calculate the highest common factor of 621 and 234324.
207
Calculate the highest common divisor of 335 and 54136.
67
Calculate the greatest common divisor of 1708 and 13.
1
Calculate the highest common divisor of 24 and 112152.
24
What is the highest common divisor of 1184 and 50400?
32
Calculate the greatest common divisor of 928 and 7656.
232
What is the highest common factor of 32185 and 123?
41
Calculate the greatest common factor of 1572 and 29606.
